{"id":10099,"date":"2024-10-07T00:28:24","date_gmt":"2024-10-06T21:28:24","guid":{"rendered":"https:\/\/www.turunch.net\/cosmetic\/?post_type=product&#038;p=10099"},"modified":"2025-02-02T14:21:31","modified_gmt":"2025-02-02T11:21:31","slug":"vitamin-c-serum","status":"publish","type":"product","link":"https:\/\/www.turunch.net\/cosmetic\/urun\/vitamin-c-serum\/","title":{"rendered":"Vitamin C Serum"},"content":{"rendered":"<p><strong>\u0130\u00e7indekiler<\/strong><\/p>\n<p>Aqua, Ascorbic Acid, Polyacrylate Crosspolymer-6, Glycerin, Sodium Hyaluronate, Hydrolyzed Collagen, Niacinamide, Ferulic Acid, Vitis Vinifera Seed (Grape Seed) Extract, Oryza Sativa (Rice) Extract, Citrus Limon (Lemon) Peel Extract, Rosmarinus Officinalis (Rosemary) Leaf Extract ,Parfum, Cedrus Atlantica Wood (Cedar Tree) Extract , Phenoxyethanol, Ethylhexylglycerin.<\/p>\n<div class=\"s10\"><strong><span class=\"s4\">\u00dcr\u00fcn\u00fcn G\u00fc\u00e7l\u00fc Yanlar\u0131, Etiket \u00dczerinde \u00d6zellik<\/span><span class=\"s4\">l<\/span><span class=\"s4\">e G\u00f6sterilmesi Gereken Bask\u0131n Yanlar\u0131<\/span><\/strong><\/div>\n<p>&#8211; Vitamin C<br \/>\n&#8211; %10 Ascorbic Acid<br \/>\n&#8211; %0,5 Ferulic Acid<\/p>\n","protected":false},"excerpt":{"rendered":"<p><strong>C Vitaminli Serum:<\/strong><br \/>\n\u0130\u00e7eri\u011findeki C Vitamini cildin canlanmas\u0131n\u0131, ayd\u0131nl\u0131k bir g\u00f6r\u00fcn\u00fcm kazanmas\u0131n\u0131 ve serbest radikallerden korunmas\u0131n\u0131 hedefler. Ayr\u0131ca i\u00e7eri\u011findeki Askorbik Asit ve Ferulik Asit ya\u015flanma etkilerine kar\u015f\u0131 koruyucu ve \u00f6nleyici \u00f6zelliktedir.<\/p>\n","protected":false},"featured_media":10371,"comment_status":"open","ping_status":"closed","template":"","meta":{"_joinchat":[]},"product_brand":[],"product_cat":[72],"product_tag":[95,94,96],"class_list":{"0":"post-10099","1":"product","2":"type-product","3":"status-publish","4":"has-post-thumbnail","6":"product_cat-cilt-bakim-urunleri","7":"product_tag-c-vitamini-serumu","8":"product_tag-cilt-bakimi","9":"product_tag-vitamin-c-serum","11":"first","12":"instock","13":"shipping-taxable","14":"product-type-simple"},"_links":{"self":[{"href":"https:\/\/www.turunch.net\/cosmetic\/wp-json\/wp\/v2\/product\/10099","targetHints":{"allow":["GET"]}}],"collection":[{"href":"https:\/\/www.turunch.net\/cosmetic\/wp-json\/wp\/v2\/product"}],"about":[{"href":"https:\/\/www.turunch.net\/cosmetic\/wp-json\/wp\/v2\/types\/product"}],"replies":[{"embeddable":true,"href":"https:\/\/www.turunch.net\/cosmetic\/wp-json\/wp\/v2\/comments?post=10099"}],"wp:featuredmedia":[{"embeddable":true,"href":"https:\/\/www.turunch.net\/cosmetic\/wp-json\/wp\/v2\/media\/10371"}],"wp:attachment":[{"href":"https:\/\/www.turunch.net\/cosmetic\/wp-json\/wp\/v2\/media?parent=10099"}],"wp:term":[{"taxonomy":"product_brand","embeddable":true,"href":"https:\/\/www.turunch.net\/cosmetic\/wp-json\/wp\/v2\/product_brand?post=10099"},{"taxonomy":"product_cat","embeddable":true,"href":"https:\/\/www.turunch.net\/cosmetic\/wp-json\/wp\/v2\/product_cat?post=10099"},{"taxonomy":"product_tag","embeddable":true,"href":"https:\/\/www.turunch.net\/cosmetic\/wp-json\/wp\/v2\/product_tag?post=10099"}],"curies":[{"name":"wp","href":"https:\/\/api.w.org\/{rel}","templated":true}]}}