{"id":10085,"date":"2024-10-06T23:57:22","date_gmt":"2024-10-06T20:57:22","guid":{"rendered":"https:\/\/www.turunch.net\/cosmetic\/?post_type=product&#038;p=10085"},"modified":"2025-02-03T00:06:56","modified_gmt":"2025-02-02T21:06:56","slug":"dudak-nemlendirici","status":"publish","type":"product","link":"https:\/\/www.turunch.net\/cosmetic\/urun\/dudak-nemlendirici\/","title":{"rendered":"Dudak Nemlendirici"},"content":{"rendered":"<p><strong>\u0130\u00e7indekiler<\/strong><\/p>\n<p>Isopropyl Lanolate , Beeswax, Butyrospermum Parkii ( Shea) Butter, Prunus Amygdalus Dulcis ( Sweet Almond) Oil, Aloe Barbadensis Leaf Extract, Simmondsia Chinensis Seed (Jojoba) Oil , Argania Spinosa Kernel (Argan) Oil ,Tocopherol ( E Vitamine), Aroma, Phenoxyethanol, Ethylhexylglycerin.<\/p>\n<div class=\"s10\"><strong><span class=\"s4\">\u00dcr\u00fcn\u00fcn G\u00fc\u00e7l\u00fc Yanlar\u0131, Etiket \u00dczerinde \u00d6zellik<\/span><span class=\"s4\">l<\/span><span class=\"s4\">e G\u00f6sterilmesi Gereken Bask\u0131n Yanlar\u0131<\/span><\/strong><\/div>\n<p>&#8211; Shea Butter &amp; Sweet Almond Oil ( bu \u00fcr\u00fcn T\u00fcrkiyede olacak ise Badem Ya\u011f\u0131 yazmam\u0131z daha g\u00fczel olacakt\u0131r )<\/p>\n<p>&#8211; Aloe Vera Extract &amp; Vitamin E<\/p>\n","protected":false},"excerpt":{"rendered":"<p><strong>Dudak Nemlendirici:<\/strong><br \/>\nKuru ve \u00e7atlam\u0131\u015f dudaklar i\u00e7indir. Shea ya\u011f\u0131 ve Tatl\u0131 Badem ya\u011f\u0131; dudaklar\u0131 nemlendirmeye, kurulu\u011fu ve \u00e7atlamay\u0131 \u00f6nlemeye yard\u0131mc\u0131 olur. Aloe Vera &amp; Vitamin E; ile dudaklar\u0131n\u0131z\u0131 yumu\u015fak ve p\u00fcr\u00fczs\u00fcz tutun.<\/p>\n","protected":false},"featured_media":10378,"comment_status":"open","ping_status":"closed","template":"","meta":{"_joinchat":[]},"product_brand":[],"product_cat":[72],"product_tag":[94,101,102],"class_list":{"0":"post-10085","1":"product","2":"type-product","3":"status-publish","4":"has-post-thumbnail","6":"product_cat-cilt-bakim-urunleri","7":"product_tag-cilt-bakimi","8":"product_tag-dudak-nemlendirici","9":"product_tag-lip-balm","11":"first","12":"instock","13":"shipping-taxable","14":"product-type-simple"},"_links":{"self":[{"href":"https:\/\/www.turunch.net\/cosmetic\/wp-json\/wp\/v2\/product\/10085","targetHints":{"allow":["GET"]}}],"collection":[{"href":"https:\/\/www.turunch.net\/cosmetic\/wp-json\/wp\/v2\/product"}],"about":[{"href":"https:\/\/www.turunch.net\/cosmetic\/wp-json\/wp\/v2\/types\/product"}],"replies":[{"embeddable":true,"href":"https:\/\/www.turunch.net\/cosmetic\/wp-json\/wp\/v2\/comments?post=10085"}],"wp:featuredmedia":[{"embeddable":true,"href":"https:\/\/www.turunch.net\/cosmetic\/wp-json\/wp\/v2\/media\/10378"}],"wp:attachment":[{"href":"https:\/\/www.turunch.net\/cosmetic\/wp-json\/wp\/v2\/media?parent=10085"}],"wp:term":[{"taxonomy":"product_brand","embeddable":true,"href":"https:\/\/www.turunch.net\/cosmetic\/wp-json\/wp\/v2\/product_brand?post=10085"},{"taxonomy":"product_cat","embeddable":true,"href":"https:\/\/www.turunch.net\/cosmetic\/wp-json\/wp\/v2\/product_cat?post=10085"},{"taxonomy":"product_tag","embeddable":true,"href":"https:\/\/www.turunch.net\/cosmetic\/wp-json\/wp\/v2\/product_tag?post=10085"}],"curies":[{"name":"wp","href":"https:\/\/api.w.org\/{rel}","templated":true}]}}